s) = 7*s - 32. Suppose -5*y + 18 + 13 = 4*t, -10 = 2*y. Let n be f(t). Calculate the highest common divisor of k and n.
6
Suppose n - 64 = 4*d, -4*n + d + 256 = -0*d. Calculate the greatest common divisor of n and 72.
8
Let v(r) = r**2 + r + 10. Let b be v(0). Let n = -1330 - -2540. Suppose -n = -12*p + p. What is the highest common divisor of b and p?
10
Let n = 12 + -7. Suppose a + 18 = 5*a - 3*o, -a = n*o - 16. Suppose 3*x - 50 = -32. Calculate the highest common factor of a and x.
6
Let k be (0*1/(-3))/(1 - 2). Suppose k = 3*v + 5*v - 672. Calculate the greatest common factor of 21 and v.
21
Let b be ((-64)/(-20))/((-2)/(-5)). Let x(o) = -27 + b*o**2 + 26 + o + 0*o. Let q be x(1). What is the greatest common divisor of q and 12?
4
Suppose -6*u = u - 882. Let r = u - 74. Calculate the highest common divisor of 13 and r.
13
Suppose -7*l - 485 - 194 = 0. Let v = 99 + l. Calculate the highest common divisor of 26 and v.
2
Suppose 447 + 153 = 6*r. Let a be (-3 + 1)/(2/(-87)). Let x = r + a. What is the highest common divisor of 17 and x?
17
Let v be (-30)/(-1)*(-34)/6. Let c = v + 261. What is the highest common divisor of 13 and c?
13
Let v = -26 - -41. Suppose -4*f = 3*f + 252. Let k = f - -39. What is the highest common divisor of k and v?
3
Let o = 44 - 33. Let c = o + -5. Calculate the greatest common factor of c and 30.
6
Let b(o) = 6*o**2 - 4*o + 5. Let u be b(2). What is the highest common factor of u and 77?
7
Let q = 3617 + -3599. Suppose -n = j - 0*n - 12, -5*j = -n - 60. What is the highest common divisor of j and q?
6
Let d(o) = -11*o - 9. Let z = -42 - -21. Let i = 10 + z. Let y be d(i). Calculate the greatest common factor of y and 16.
16
Let g(d) = -d**3 - 16*d**2 + 7*d + 6. Let k be g(-16). Let x = k + 107. What is the greatest common factor of x and 8?
1
Let p(m) be the first derivative of 2*m**2 + 48*m - 47. Let i be p(0). What is the greatest common factor of 6 and i?
6
Suppose -u - 2*u - 27 = -4*i, 3*u = 9. Let a(g) = g**3 - 20*g**2 - 42*g + 1. Let j be a(22). Calculate the greatest common factor of i and j.
9
Let j(o) = -19*o**2 + 36*o**2 + 0 + 5*o**3 + 4 - 16*o**2. Let p be j(2). Calculate the greatest common divisor of 32 and p.
16
Let t(v) = v**3 - 22*v**2 - 49*v + 31. Let h be t(24). Suppose 0 = 3*w - 0*w - 21. Calculate the highest common divisor of w and h.
7
Let v be (0 - -1 - 4)*-15. Let w(o) = 50*o - 1220. Let q be w(25). Calculate the greatest common divisor of v and q.
15
Suppose -t - 2*t + 231 = 0. Let j be 9/1 - (-1)/(-1). Let o = -1 + j. What is the greatest common factor of o and t?
7
Let o = 1055 - 997. What is the greatest common divisor of o and 1073?
29
Let d be (-1)/2 - (-109)/2. Let g(b) = 2*b**3 - 3*b**2 - 11*b - 15. Let q be g(7). Let t = q - 312. What is the greatest common divisor of d and t?
27
Suppose -5*s + y + 45 = -21, -3*s - 3*y = -54. Suppose d = 4*d - 9. Suppose 0*q + 12 = 2*t + q, 2*t - 8 = -d*q. What is the greatest common factor of s and t?
7
Let c = 36 - 22. Let i = -780 - -537. Let n = 341 + i. What is the greatest common factor of n and c?
14
Let t = -1013 + 1439. Suppose -11*c + 762 = -t. What is the greatest common factor of c and 27?
27
Suppose 4*g + 109 = -f - 2, 0 = 3*g - 5*f + 66. Let c = 45 + g. Let t be ((-18)/(-5))/((-7)/(-280)). Calculate the highest common factor of c and t.
18
Suppose -2*z + 7*x - 83 = 2*x, -2*z - 89 = -3*x. Let h be 31 - ((-31)/7 + (-21)/z). Calculate the greatest common factor of h and 5.
5
Let k(x) = 4*x - 68. Let s be k(25). Calculate the greatest common factor of 160 and s.
32
Let n = -3 + 78. What is the greatest common divisor of n and 105?
15
Let l be 0*(15/20)/(-3). Suppose l = -4*f + y + 11, -3*f + 3*y = 2*f - 5. Suppose 0*q = -f*j + q, -4*q + 17 = j. What is the highest common factor of j and 2?
1
Suppose -6*y + 112 = y. Let h be -2 - (-3)/(12/y). Let l be ((-35)/h)/7*-6. Calculate the highest common factor of 15 and l.
15
Suppose 0 = 3*z + 2*z - 65. Let t be z*(-4 - (-14 + -1)). Calculate the greatest common divisor of 13 and t.
13
Suppose -3*n = -n + 246. Let z = -117 - n. What is the greatest common factor of z and 18?
6
Suppose -8*i + 26*i - 72 = 0. Suppose -3*a + 7*a = -12. Let c be (1 - 4/3)*a. What is the greatest common divisor of i and c?
1
Let w be -11*(-13)/(-1001) + 1051/7. Calculate the greatest common divisor of w and 24.
6
Let r be (-2 - 4) + (-38)/(-1). What is the highest common factor of r and 96?
32
Let u(p) = -p + 41. Let v be u(0). Let m = -36 + v. Suppose m*c = -0*c + 700. What is the greatest common factor of 56 and c?
28
Suppose 0 = -2*z + 5*z - 6. Suppose -127 + 31 = -3*u - 3*k, -z*k + 91 = 3*u. What is the highest common factor of 9 and u?
9
Let s be 5*(23 + -2)/3. Let q(g) = -g**2 - g - 7. Let z be q(5). Let b = 42 + z. Calculate the highest common divisor of s and b.
5
Suppose -173 + 1253 = 15*i. Calculate the highest common factor of 27 and i.
9
Let k = -230 - -251. What is the highest common factor of k and 84?
21
Suppose -7 - 63 = -5*i. Suppose 3*f - n - 31 = 0, -3*f + 4*n + i = -2. What is the highest common divisor of f and 18?
6
Let x(w) = -2 + w + 4*w**2 + 8 - 5*w. Let n be x(4). What is the highest common factor of 135 and n?
27
Let s be ((-8)/6)/((-16)/60). Suppose 2*w + 70 = 2*c, 0 = s*c - 0*c + 5*w - 125. What is the greatest common divisor of c and 390?
30
Let j = 419 - 412. What is the greatest common divisor of 63 and j?
7
Let v be (-5 - (-58)/8)*40. Suppose 2*i + 5*m - v = 0, 4*i + 208 = 9*i + 4*m. Calculate the highest common factor of 120 and i.
40
Suppose 216 = 5*c - c. Let z = c + -92. Let h = 71 + z. What is the highest common factor of h and 22?
11
Let w = 26 + -39. Suppose -y - 13 = 5*s, y = 5*y - 3*s + 144. Let z = w - y. What is the greatest common factor of z and 80?
20
Let a(v) = v**2 - 6*v. Let g be a(6). Suppose 0 = -4*h - z + 20, -5*h + g*z + 34 = -z. Calculate the greatest common factor of 66 and h.
6
Let d(t) = 9*t - 586. Let o be d(68). Calculate the highest common factor of 949 and o.
13
Suppose 75*i = 67*i + 2200. What is the greatest common divisor of i and 11?
11
Suppose -5*v = n - 624, 4*v - 3886 + 1374 = -4*n. Calculate the greatest common divisor of n and 74.
37
Suppose 4*p + 446 = -6*l + l, -4*l - 3*p = 356. Let y = 222 - l. What is the greatest common factor of y and 28?
28
Suppose -3*l = -p + 43, 0*p - l + 146 = 4*p. Suppose m + p = 2*m + 5*y, -13 = m - 5*y. Calculate the highest common factor of m and 216.
12
Let v = -15 - -59. Let a = 47 - v. Calculate the highest common factor of 12 and a.
3
Let i(o) = 2*o**3 - 3*o**2 + 2*o - 6. Suppose 3*w + 27 = 3*k + 2*k, -3*k + 25 = -4*w. Let g be i(k). Calculate the highest common divisor of 3 and g.
3
Suppose 7*g = 9*g + 2*k - 2352, -5 = 5*k. What is the greatest common factor of 11 and g?
11
Let l(s) = 23*s + 4. Let x be l(1). Calculate the highest common factor of 243 and x.
27
Let z be ((-250)/20)/(3 + (-258)/84). Let v be (-1 - (-102)/2)*1. Calculate the highest common factor of z and v.
25
Suppose 0 = -28*u + 25*u + 84. What is the greatest common divisor of 98 and u?
14
Suppose -f + 2*f - 411 = d, -3*f = 3*d - 1245. Calculate the highest common divisor of 118 and f.
59
Let w = 19 + -19. Suppose 5*x - 539 = x - z, -x - z + 134 = w. Let n = x - 15. Calculate the highest common divisor of 24 and n.
24
Let m = -224 - -235. What is the highest common factor of m and 1133?
11
Suppose 5*u - 5 = 0, 2*v - 4*u = -u + 27. Let n be 1894/18 - (-6)/(-27). Let m = n + -15. Calculate the highest common factor of m and v.
15
Suppose -13*q = -1880 - 3021. Calculate the greatest common divisor of 29 and q.
29
Suppose -466 + 160 = -17*r. Calculate the highest common divisor of r and 99.
9
Let k be 1/(18/(-8) - -2). Let h = 11 + k. Let z be (-4 - (-12)/6) + 23. What is the highest common factor of h and z?
7
Let j be (-1 + -2 + 2)/(6/(-384)). What is the greatest common factor of 2 and j?
2
Let b = -49 - -84. Suppose s - 5*s + 24 = 0. Suppose 525 = -s*q + 11*q. What is the highest common divisor of q and b?
35
Suppose 8*m - 2*m - 78 = 0. Let b = -13 + m. Suppose 2*x - 11 + 3 = b. What is the highest common divisor of 2 and x?
2
Let b = 40 + -62. Let k = 33 + b. Calculate the greatest common divisor of 275 and k.
11
Let o be 1218 - (0 - 0)/2. Ca